factors of 0 + (-16)/(-2) - z?
2
Suppose -z = 2*h, 5*z - 4 = -5*h + 6. List the prime factors of -10*((-9)/(-6) + h).
5
Let u(b) = 4*b**2 - 6*b**2 - 3*b + 6 - b**3 - 3*b**2 + 7*b. List the prime factors of u(-6).
2, 3
Suppose -3*i - 4*n + 16 = 0, -2*i + 18 = 3*i - 2*n. What are the prime factors of i?
2
Suppose -5*s = 3*v - 1346, -4*v = -5*s - 2*v + 1336. List the prime factors of s.
2, 67
Suppose -7 = -h - 4. What are the prime factors of h?
3
Let v = 25 - -7. List the prime factors of v.
2
Let u(z) = 5 + 3*z + 10*z + 2*z**2 - 4*z - 3*z**2. Let b be u(9). Suppose 2 = -b*v + 47. List the prime factors of v.
3
What are the prime factors of (5 + -1)/(0 - (-3)/42)?
2, 7
Let i = 35 - -71. List the prime factors of i.
2, 53
Let k = 55 - 6. What are the prime factors of k?
7
Let n(v) = v**3 + 9*v**2 - 11*v - 6. Let x be n(-10). Suppose 92 = -0*s + 3*s + 4*c, -160 = -x*s + 4*c. What are the prime factors of s?
2, 3
Let i = -125 + 128. List the prime factors of i.
3
Suppose -165 = -5*n + 4*x, 5*n = -x + 167 - 2. What are the prime factors of n?
3, 11
Let l(q) = -q**3 + q - 16. Let f be l(0). Let o = -2 - f. List the prime factors of o.
2, 7
Suppose 13*k - 3708 = 4*k. What are the prime factors of k?
2, 103
Suppose 4*k - 2*h - 2 = -0*k, 17 = -k + 4*h. Let b(i) = 5*i - 2 + k - 3*i. What are the prime factors of b(1)?
3
Let m = 82 + -41. What are the prime factors of m?
41
Let g = 0 - 0. Suppose 5*b - 16 - 54 = g. What are the prime factors of b?
2, 7
List the prime factors of 2 - 21/(-3) - 2.
7
Let r = -5 - -4. Let o be r/1 + 1 + 4. Let w(a) = a**2 - 3*a - 1. What are the prime factors of w(o)?
3
Suppose s = 3*s + 44. Let k = 82 + s. Suppose 4*h + 2*w = -2*w + k, -3*w = h - 5. What are the prime factors of h?
2, 5
Let k(u) = -u**2 + 2*u + 1. Let y be k(2). Suppose -j + y = -4. List the prime factors of j.
5
Suppose -f + 3*f + 12 = 0. Let w(c) = 2 - 5 + 0*c**2 + c**2 - 2*c**2 - 7*c. What are the prime factors of w(f)?
3
Let m(r) = -r**2 - 12*r - 7. What are the prime factors of m(-6)?
29
Let i be (-1 - -1) + 3 + -9. Let t(h) = h**3 - 8*h**2 + 9*h - 4. Let o be t(7). What are the prime factors of o/3*i/(-4)?
5
Let g(s) = 171*s**2 + 5*s - 5. List the prime factors of g(1).
3, 19
Suppose -28 = -2*n + 84. Suppose 3*j - 19 = n. Suppose -3*h - x + 38 = 0, -4*x + 9*x = j. List the prime factors of h.
11
Let q = 105 + -41. List the prime factors of q.
2
Let h be 2/(-4) + (-1)/(-2). Let x be (-3)/6*2*h. Suppose 2*z + x = 6. What are the prime factors of z?
3
Let s(a) = -3*a**3 - 4*a**2 - 2*a + 1. What are the prime factors of s(-3)?
2, 13
Suppose -395 = 4*y - 1699. What are the prime factors of y?
2, 163
Let z = 210 + -73. List the prime factors of z.
137
Let b = 124 + 5. What are the prime factors of b?
3, 43
Suppose 215 - 15 = 5*z. List the prime factors of z.
2, 5
Let s(i) = -i**3 - 6*i**2 - 7*i + 2. What are the prime factors of s(-5)?
2, 3
Suppose 5*s + 5*p + 18 - 3 = 0, -5*p = s - 13. Let h = s + 4. What are the prime factors of (-63)/(-12)*(-8)/h?
2, 7
Let q(y) = -6*y - 7. What are the prime factors of q(-2)?
5
Let c(p) = 4*p**2. Let b be c(-1). Let g be (-5 + b)/((-1)/3). Suppose -g*d + 8 = 2*i, 0 = -0*d + 5*d + 5*i - 15. What are the prime factors of d?
2
Let l(d) = -d + d - 4*d + 14 + 3*d. Let f be l(10). Suppose -s - 6 = -f*s. What are the prime factors of s?
2
Let b(x) = 4*x**2 - 5*x - 1. List the prime factors of b(-3).
2, 5
Suppose -5*o + 94 + 66 = 0. Suppose -o - 58 = -2*l. Suppose -2*y - 3*y = -l. List the prime factors of y.
3
Suppose 3*g + g + 5*d - 337 = 0, -4*g + 3*d + 361 = 0. What are the prime factors of g?
2, 11
Suppose 2*n - s - 95 = -3*n, 2*s = 5*n - 95. What are the prime factors of n?
19
Let f(w) = 3 + 5*w - 2 - 4*w. Let n be f(1). Suppose -3*r + 0*t + 4*t + 14 = 0, 2*t - 14 = -n*r. List the prime factors of r.
2, 3
Let k = -25 - -55. What are the prime factors of k?
2, 3, 5
Let y = 24 + -39. List the prime factors of y*((-6)/3)/1.
2, 3, 5
Let q = -10 - -9. Let d = q + 1. Suppose d = -5*a + 5 + 10. What are the prime factors of a?
3
Let g(p) = -p**3 + 6*p**2 + 6*p - 2. Let w be g(6). Let t = w + -20. What are the prime factors of t?
2, 7
Let j(y) be the second derivative of y**6/360 + 3*y**5/40 + y**4/4 + y**3/3 - y. Let n(t) be the second derivative of j(t). List the prime factors of n(-9).
2, 3
Let a be (-2)/7 + (-237)/(-21). Suppose -a + 86 = 5*b. What are the prime factors of b?
3, 5
Let d be (-216)/(-21) + (-4)/14. Suppose 3*p - 2 = 13. Suppose p*c - 30 = d. What are the prime factors of c?
2
Let u = 30 + -19. Suppose 3*g = -5*b + 2, 3*b - g + u = 1. List the prime factors of (b/(-4))/((-1)/(-8)).
2
Suppose -35 = 5*z - 5*d, -3*d + 25 = -5*z - 0*d. Let r(a) = -16*a - 3. List the prime factors of r(z).
29
Let r(j) be the first derivative of -j**3/3 + 16*j + 3. List the prime factors of r(0).
2
Let s be 303/12 + (-2)/8. Let q = 37 - s. List the prime factors of q.
2, 3
Let y(l) = l + 14. List the prime factors of y(12).
2, 13
Suppose 5*c - 15 = -3*i + 181, 3*i - 3*c = 204. What are the prime factors of i?
67
Let v(b) = 2 + b**2 - 3*b**2 + 3*b**2 + 2 + 9*b. Let i be v(-6). Let h = -1 - i. List the prime factors of h.
13
Let y(o) = o + 13. Let x be y(-7). Let j = 5 + x. What are the prime factors of j?
11
Let w(s) = s**3 - 9*s**2 - 12*s + 25. Let i be w(10). Let t be (-2)/7 - (-16)/7. Suppose -3*g + t*g = -i*f + 13, 5*g = -f + 13. What are the prime factors of g?
2
Suppose -w = 3*b + 2*b - 559, 4*w - 571 = -5*b. What are the prime factors of b?
3, 37
Let y(q) = -q**3 + 5*q**2 + 4. Let n be y(5). Suppose n*k + k - 31 = -4*m, -2*m + 4*k = -22. List the prime factors of m.
3
Let n be (-2)/((10/33)/(-5)). Let t = -7 + n. List the prime factors of t.
2, 13
What are the prime factors of 25*(3 - (-6)/(-3))?
5
Suppose 3*s = 3*i + 12, i + 4 = -3*i - 2*s. List the prime factors of 2*(3 - 5/i).
11
Let f = 13 - 7. Let m = 0 + f. What are the prime factors of m?
2, 3
Suppose 0 = -3*c + 11 - 2. Suppose -2*l - o = -2*o - 14, 14 = 2*l - c*o. What are the prime factors of l?
7
Let p(v) = 8*v**3 - v**2 + 1. Let l be p(1). Let s be 1/4 - 2/l. Suppose 2*c + 5 - 29 = s. What are the prime factors of c?
2, 3
Let w(f) = -f + 13. Let m be w(11). Suppose -m*z + 7 = -11. What are the prime factors of z?
3
What are the prime factors of 2 - (-36)/(-16) - (-1290)/8?
7, 23
Let b(u) = u**3 - 5*u**2 - 2*u - 5. Let h be b(4). Let z be h/(-7) - 4/28. Let m(a) = a**3 - 5*a**2 + 4*a + 3. List the prime factors of m(z).
3
Suppose -3*g + 130 = -2*g. Let d = g - 185. What are the prime factors of (-6)/8 + d/(-4)?
13
Let s = 109 - 73. List the prime factors of s.
2, 3
Let h be 2/(-3)*(5 - 2). What are the prime factors of 10 - (h/(-2) + -2)?
11
Let r = 29 - -65. List the prime factors of r.
2, 47
Let h = -5 + 5. Suppose 2*v = -h*v + 34. What are the prime factors of v?
17
Let b = -101 + 146. Suppose 4*n - b = 11. What are the prime factors of n?
2, 7
Suppose 0 = -2*r + 44 - 16. List the prime factors of r.
2, 7
Suppose 5*o - 1385 = -6*a + 11*a, 4*o + a = 1123. List the prime factors of o.
2, 5, 7
Let r = -15 - -22. Suppose -n + r = -0*n + i, -i - 17 = -n. What are the prime factors of n?
2, 3
Let h(j) be the first derivative of -j**4/4 + j**3/3 + j**2/2 - 27*j + 1. Let m be h(0). List the prime factors of (m/(-12))/((-1)/(-4)).
3
Let t(c) be the first derivative of c**3/3 + c**2/2 + c - 1. Let q be t(-5). Suppose -q = 2*w - 5*w. What are the prime factors of w?
7
Let a(o) = o**3 - 3*o**2 + o - 1. Let l be a(3). Suppose 4*t - 2*z = 8, 0 = 2*t - l*z - 0*z - 2. What are the prime factors of t?
3
Let o(a) = 63*a + 8. What are the prime factors of o(2)?
2, 67
Suppose -4*d - v + 4*v + 174 = 0, 2*d - 3*v = 84. What are the prime factors of d?
3, 5
Let b(l) = -2*l + 2. Let z be b(-9). Let q = -4 + z. List the prime factors of (-18)/(-12)*q/6.
2
Let t(j) = j**2 - 6*j - 2. List the prime factors of t(9).
5
Suppose 4*c = 5*c - 19. What are the prime factors of c?
19
Suppose -162 = -2*g - 4*z, g + 11*z - 7*z = 85. What are the prime factors of g?
7, 11
Let k = 79 - -127. List the prime factors of k.
2, 103
List the prime factors of 9/4*((-840)/(-18) + 4).
2, 3, 19
Let f(j) = -3*j - 4*j - 3*j. List the prime factors of f(-1).
2, 5
What are the prime factors of (-3 + 3 - -1)*6?
2, 3
